{"id":117,"date":"2020-01-15T12:35:01","date_gmt":"2020-01-15T11:35:01","guid":{"rendered":"http:\/\/lepszedaszewice.pl\/?page_id=117"},"modified":"2020-03-06T14:54:58","modified_gmt":"2020-03-06T13:54:58","slug":"o-nas","status":"publish","type":"page","link":"https:\/\/lepszedaszewice.pl\/?page_id=117","title":{"rendered":"O Stowarzyszeniu"},"content":{"rendered":"\n<p class=\"has-text-color has-medium-font-size has-very-dark-gray-color\"><span style=\"font-family:\">Podejmujemy\ndzia\u0142ania na rzecz rozwoju Daszewic maj\u0105ce na celu ochron\u0119 interesu\nmieszka\u0144c\u00f3w, popraw\u0119 warunk\u00f3w mieszkaniowych, wzrost bezpiecze\u0144stwa czy rozw\u00f3j\ninfrastruktury Daszewic. Stowarzyszenie zak\u0142ada wsp\u00f3\u0142dzia\u0142anie z organami\nsamorz\u0105dowymi, takimi jak Burmistrz Gminy Mosina, Rada Miejska, So\u0142tys Daszewic\ni Rada So\u0142ecka.<\/span><\/p>\n\n\n\n<p class=\"has-text-color has-medium-font-size has-very-dark-gray-color\">Zapraszam\ngor\u0105co wszystkich mieszka\u0144c\u00f3w i sympatyk\u00f3w Daszewic do wsp\u00f3\u0142pracy na rzecz\nnaszej miejscowo\u015bci. Ka\u017cdy z pomys\u0142em na popraw\u0119 warunk\u00f3w \u017cycia w Daszewicach,\nusprawnienie komunikacji czy infrastruktury, lub po prostu chc\u0105cy si\u0119\nzaanga\u017cowa\u0107, jest mile widziany!<\/p>\n","protected":false},"excerpt":{"rendered":"<p>Podejmujemy dzia\u0142ania na rzecz rozwoju Daszewic maj\u0105ce na celu ochron\u0119 interesu mieszka\u0144c\u00f3w, popraw\u0119 warunk\u00f3w mieszkaniowych, wzrost bezpiecze\u0144stwa czy rozw\u00f3j infrastruktury Daszewic. Stowarzyszenie zak\u0142ada wsp\u00f3\u0142dzia\u0142anie z organami samorz\u0105dowymi, takimi jak Burmistrz Gminy Mosina, Rada Miejska, So\u0142tys Daszewic i Rada So\u0142ecka. Zapraszam gor\u0105co wszystkich mieszka\u0144c\u00f3w i sympatyk\u00f3w Daszewic do wsp\u00f3\u0142pracy na rzecz naszej miejscowo\u015bci. Ka\u017cdy z pomys\u0142em&hellip; <br \/> <a class=\"read-more\" href=\"https:\/\/lepszedaszewice.pl\/?page_id=117\">Dowiedz si\u0119 wi\u0119cej<\/a><\/p>\n","protected":false},"author":2,"featured_media":0,"parent":0,"menu_order":0,"comment_status":"closed","ping_status":"closed","template":"","meta":{"footnotes":""},"class_list":["post-117","page","type-page","status-publish","hentry"],"jetpack_sharing_enabled":true,"_links":{"self":[{"href":"https:\/\/lepszedaszewice.pl\/index.php?rest_route=\/wp\/v2\/pages\/117","targetHints":{"allow":["GET"]}}],"collection":[{"href":"https:\/\/lepszedaszewice.pl\/index.php?rest_route=\/wp\/v2\/pages"}],"about":[{"href":"https:\/\/lepszedaszewice.pl\/index.php?rest_route=\/wp\/v2\/types\/page"}],"author":[{"embeddable":true,"href":"https:\/\/lepszedaszewice.pl\/index.php?rest_route=\/wp\/v2\/users\/2"}],"replies":[{"embeddable":true,"href":"https:\/\/lepszedaszewice.pl\/index.php?rest_route=%2Fwp%2Fv2%2Fcomments&post=117"}],"version-history":[{"count":13,"href":"https:\/\/lepszedaszewice.pl\/index.php?rest_route=\/wp\/v2\/pages\/117\/revisions"}],"predecessor-version":[{"id":396,"href":"https:\/\/lepszedaszewice.pl\/index.php?rest_route=\/wp\/v2\/pages\/117\/revisions\/396"}],"wp:attachment":[{"href":"https:\/\/lepszedaszewice.pl\/index.php?rest_route=%2Fwp%2Fv2%2Fmedia&parent=117"}],"curies":[{"name":"wp","href":"https:\/\/api.w.org\/{rel}","templated":true}]}}